{"id":3,"date":"2023-02-23T19:34:36","date_gmt":"2023-02-24T00:34:36","guid":{"rendered":"https:\/\/lifttruckrentalgroup.com\/full\/?page_id=3"},"modified":"2023-08-14T13:16:00","modified_gmt":"2023-08-14T18:16:00","slug":"ptdp","status":"publish","type":"page","link":"https:\/\/lifttruckrentalgroup.com\/full\/ptdp\/","title":{"rendered":"Politicas de tratamiento de datos personales"},"content":{"rendered":"<p>Esta pol\u00edtica de privacidad describe c\u00f3mo Lift Truck Rental Group recopila, utiliza y comparte su informaci\u00f3n personal cuando visita nuestro sitio web https:\/\/lifttruckrentalgroup.com o utiliza nuestros servicios.<\/p>\n<p>Cuando visita nuestro sitio web, recopilamos autom\u00e1ticamente cierta informaci\u00f3n sobre su dispositivo, incluida la informaci\u00f3n de su navegador web, la direcci\u00f3n IP de su dispositivo, la zona horaria y algunas de las cookies que est\u00e1n instaladas en su dispositivo. Tambi\u00e9n recopilamos informaci\u00f3n sobre las p\u00e1ginas web que visita, los enlaces en los que hace clic y la informaci\u00f3n que busca en nuestro sitio web.<\/p>\n<p>Recogemos esta informaci\u00f3n utilizando las siguientes tecnolog\u00edas:<br \/>\n* <b>Cookies<\/b>: Son archivos de datos peque\u00f1os que se almacenan en su dispositivo o computadora y que contienen informaci\u00f3n sobre sus h\u00e1bitos de navegaci\u00f3n.<br \/>\n* <b>Archivos de registro<\/b>: Rastrean las acciones que ocurren en nuestro sitio web y recopilan informaci\u00f3n sobre su dispositivo, su navegador web y su direcci\u00f3n IP.<br \/>\n* <b>Web beacons<\/b>, etiquetas y p\u00edxeles: Son archivos electr\u00f3nicos que se utilizan para registrar informaci\u00f3n sobre c\u00f3mo navega por nuestro sitio web.<\/p>\n<p>Tambi\u00e9n recopilamos informaci\u00f3n que nos proporciona voluntariamente, como su nombre, direcci\u00f3n de correo electr\u00f3nico, n\u00famero de tel\u00e9fono y otra informaci\u00f3n de contacto.<\/p>\n<p>Utilizamos la informaci\u00f3n que recopilamos:<br \/>\n* Para proporcionarle los servicios que solicita, incluyendo la respuesta a sus preguntas y consultas.<br \/>\n* Para personalizar su experiencia en nuestro sitio web.<br \/>\n* Para enviarle comunicaciones de marketing, como boletines informativos y ofertas especiales.<br \/>\n* Para mejorar nuestro sitio web y nuestros servicios.<br \/>\n* Para cumplir con nuestras obligaciones legales y reglamentarias.<\/p>\n<p>Podemos compartir su informaci\u00f3n personal con:<br \/>\n* Nuestros proveedores de servicios que nos ayudan a proporcionar los servicios, como proveedores de alojamiento web y proveedores de servicios de correo electr\u00f3nico.<br \/>\n* Autoridades gubernamentales u otras autoridades p\u00fablicas cuando sea necesario para cumplir con una obligaci\u00f3n legal.<\/p>\n<p>Tomamos medidas para proteger su informaci\u00f3n personal, incluyendo el uso de firewalls y encriptaci\u00f3n.<\/p>\n<p>Tiene derecho a acceder, corregir, eliminar y limitar el uso de su informaci\u00f3n personal. Tambi\u00e9n puede oponerse al uso de su informaci\u00f3n personal para fines de marketing. Para ejercer estos derechos, p\u00f3ngase en contacto con nosotros utilizando la informaci\u00f3n de contacto que se proporciona a continuaci\u00f3n. <span id=\"account-name_webadmin@lifttruckrentalgroup.com\" class=\"account-name collapse-text\">webadmin@lifttruckrentalgr<\/span>oup.com<\/p>\n<p>Si tiene alguna pregunta sobre esta pol\u00edtica de privacidad, p\u00f3ngase en contacto con nosotros utilizando la siguiente informaci\u00f3n de contacto:<br \/>\n* Lift Truck Rental Group<br \/>\n* Autopista Bogot\u00e1 &#8211; Medell\u00edn km 2.5 Via parcelas &#8211; Cota \/ Parque Empresarial Ciem OIKOS Bodega: 99<br \/>\n* Cota \/ Cundinamarca, Colombia* Tel\u00e9fono: +57 1 555-5555<br \/>\n* C\u00f3digo Postal: 250017<br \/>\n* Correo electr\u00f3nico: dir.operaciones@lifttruckrentalgroup.com<\/p>\n<p>Esta pol\u00edtica de privacidad puede cambiar de vez en cuando. Si realizamos alg\u00fan cambio importante en esta pol\u00edtica, le notificaremos publicando el nuevo aviso en nuestro sitio web.<\/p>\n<p>Al utilizar nuestro sitio web o nuestros servicios despu\u00e9s de que se publiquen cambios en esta pol\u00edtica, usted acepta los cambios.<\/p>\n","protected":false},"excerpt":{"rendered":"<p>Esta pol\u00edtica de privacidad describe c\u00f3mo Lift Truck Rental Group recopila, utiliza y comparte su informaci\u00f3n personal cuando visita nuestro sitio web https:\/\/lifttruckrentalgroup.com o utiliza nuestros servicios. Cuando visita nuestro sitio web, recopilamos autom\u00e1ticamente cierta informaci\u00f3n sobre su dispositivo, incluida la informaci\u00f3n de su navegador web, la direcci\u00f3n IP de su dispositivo, la zona horaria [&hellip;]<\/p>\n","protected":false},"author":1,"featured_media":0,"parent":0,"menu_order":0,"comment_status":"closed","ping_status":"closed","template":"","meta":{"inline_featured_image":false,"_themeisle_gutenberg_block_has_review":false,"footnotes":""},"class_list":["post-3","page","type-page","status-publish","hentry"],"_links":{"self":[{"href":"https:\/\/lifttruckrentalgroup.com\/full\/wp-json\/wp\/v2\/pages\/3","targetHints":{"allow":["GET"]}}],"collection":[{"href":"https:\/\/lifttruckrentalgroup.com\/full\/wp-json\/wp\/v2\/pages"}],"about":[{"href":"https:\/\/lifttruckrentalgroup.com\/full\/wp-json\/wp\/v2\/types\/page"}],"author":[{"embeddable":true,"href":"https:\/\/lifttruckrentalgroup.com\/full\/wp-json\/wp\/v2\/users\/1"}],"replies":[{"embeddable":true,"href":"https:\/\/lifttruckrentalgroup.com\/full\/wp-json\/wp\/v2\/comments?post=3"}],"version-history":[{"count":2,"href":"https:\/\/lifttruckrentalgroup.com\/full\/wp-json\/wp\/v2\/pages\/3\/revisions"}],"predecessor-version":[{"id":1814,"href":"https:\/\/lifttruckrentalgroup.com\/full\/wp-json\/wp\/v2\/pages\/3\/revisions\/1814"}],"wp:attachment":[{"href":"https:\/\/lifttruckrentalgroup.com\/full\/wp-json\/wp\/v2\/media?parent=3"}],"curies":[{"name":"wp","href":"https:\/\/api.w.org\/{rel}","templated":true}]}}